he prime factors of 9833?
9833
List the prime factors of 4483.
4483
List the prime factors of 371.
7, 53
What are the prime factors of 4311?
3, 479
What are the prime factors of 54135?
3, 5, 401
What are the prime factors of 5333?
5333
What are the prime factors of 91468?
2, 13, 1759
What are the prime factors of 22641?
3, 7547
What are the prime factors of 5393?
5393
What are the prime factors of 221?
13, 17
List the prime factors of 1405.
5, 281
List the prime factors of 10166.
2, 13, 17, 23
What are the prime factors of 8478?
2, 3, 157
List the prime factors of 3432.
2, 3, 11, 13
What are the prime factors of 39581?
39581
What are the prime factors of 26603?
37, 719
What are the prime factors of 89?
89
What are the prime factors of 263?
263
What are the prime factors of 12287?
11, 1117
List the prime factors of 107112.
2, 3, 4463
What are the prime factors of 65334?
2, 3, 10889
List the prime factors of 29766.
2, 3, 11, 41
List the prime factors of 11350.
2, 5, 227
List the prime factors of 3233.
53, 61
List the prime factors of 1395.
3, 5, 31
List the prime factors of 66294.
2, 3, 29, 127
What are the prime factors of 2258?
2, 1129
List the prime factors of 95.
5, 19
List the prime factors of 68.
2, 17
What are the prime factors of 11607?
3, 53, 73
List the prime factors of 94710.
2, 3, 5, 7, 11, 41
What are the prime factors of 282?
2, 3, 47
List the prime factors of 867.
3, 17
List the prime factors of 2916.
2, 3
What are the prime factors of 783?
3, 29
What are the prime factors of 27373?
31, 883
What are the prime factors of 49454?
2, 79, 313
List the prime factors of 57179.
57179
What are the prime factors of 3772?
2, 23, 41
List the prime factors of 22104.
2, 3, 307
What are the prime factors of 30318?
2, 3, 31, 163
What are the prime factors of 37494?
2, 3, 2083
What are the prime factors of 1315?
5, 263
What are the prime factors of 7498?
2, 23, 163
List the prime factors of 20398.
2, 7, 31, 47
What are the prime factors of 47032?
2, 5879
What are the prime factors of 2822?
2, 17, 83
List the prime factors of 4364.
2, 1091
What are the prime factors of 1395?
3, 5, 31
List the prime factors of 1059.
3, 353
What are the prime factors of 28159?
29, 971
What are the prime factors of 32398?
2, 97, 167
List the prime factors of 1599.
3, 13, 41
What are the prime factors of 100?
2, 5
List the prime factors of 23266.
2, 11633
What are the prime factors of 8494?
2, 31, 137
List the prime factors of 1481.
1481
List the prime factors of 3953.
59, 67
What are the prime factors of 1416?
2, 3, 59
List the prime factors of 108547.
19, 29, 197
What are the prime factors of 4335?
3, 5, 17
What are the prime factors of 2267?
2267
What are the prime factors of 4244?
2, 1061
What are the prime factors of 5943?
3, 7, 283
List the prime factors of 26273.
13, 43, 47
List the prime factors of 15339.
3, 5113
What are the prime factors of 534?
2, 3, 89
List the prime factors of 5412.
2, 3, 11, 41
What are the prime factors of 2776?
2, 347
What are the prime factors of 93014?
2, 46507
List the prime factors of 55157.
19, 2903
List the prime factors of 12147.
3, 4049
List the prime factors of 24813.
3, 919
What are the prime factors of 85697?
17, 71
What are the prime factors of 77196?
2, 3, 7, 919
List the prime factors of 1969.
11, 179
List the prime factors of 13895.
5, 7, 397
What are the prime factors of 16427?
16427
List the prime factors of 852.
2, 3, 71
List the prime factors of 2530.
2, 5, 11, 23
List the prime factors of 5449.
5449
List the prime factors of 158911.
367, 433
What are the prime factors of 5050?
2, 5, 101
List the prime factors of 18922.
2, 9461
List the prime factors of 1829.
31, 59
What are the prime factors of 1325?
5, 53
What are the prime factors of 1097?
1097
What are the prime factors of 81613?
7, 89, 131
What are the prime factors of 8974?
2, 7, 641
What are the prime factors of 2544?
2, 3, 53
List the prime factors of 61384.
2, 7673
What are the prime factors of 2211?
3, 11, 67
What are the prime factors of 15514?
2, 7757
List the prime factors of 3689.
7, 17, 31
What are the prime factors of 15798?
2, 3, 2633
What are the prime factors of 3692?
2, 13, 71
List the prime factors of 2407.
29, 83
List the prime factors of 41226.
2, 3, 6871
List the prime factors of 1043.
7, 149
What are the prime factors of 85532?
2, 21383
What are the prime factors of 9629?
9629
What are the prime factors of 400?
2, 5
List the prime factors of 11595.
3, 5, 773
List the prime factors of 7004.
2, 17, 103
List the prime factors of 4029.
3, 17, 79
What are the prime factors of 3087?
3, 7
What are the prime factors of 206?
2, 103
List the prime factors of 952.
2, 7, 17
What are the prime factors of 669?
3, 223
List the prime factors of 1339.
13, 103
What are the prime factors of 176?
2, 11
What are the prime factors of 1874?
2, 937
What are the prime factors of 7563?
3, 2521
List the prime factors of 19489.
19489
List the prime factors of 87383.
87383
What are the prime factors of 6023?
19, 317
List the prime factors of 2229.
3, 743
List the prime factors of 1433.
1433
List the prime factors of 23858.
2, 79, 151
What are the prime factors of 22042?
2, 103, 107
What are the prime factors of 12335?
5, 2467
List the prime factors of 148.
2, 37
What are the prime factors of 2472?
2, 3, 103
What are the prime factors of 2415?
3, 5, 7, 23
What are the prime factors of 14782?
2, 19, 389
What are the prime factors of 570?
2, 3, 5, 19
List the prime factors of 4296.
2, 3, 179
What are the prime factors of 905?
5, 181
What are the prime factors of 1037?
17, 61
List the prime factors of 2480.
2, 5, 31
What are the prime factors of 1409?
1409
List the prime factors of 13885.
5, 2777
What are the prime factors of 4730?
2, 5, 11, 43
List the prime factors of 98996.
2, 24749
List the prime factors of 127.
127
What are the prime factors of 5487?
3, 31, 59
What are the prime factors of 4385?
5, 877
What are the prime factors of 647?
647
What are the prime factors of 310?
2, 5, 31
List the prime factors of 7125.
3, 5, 19
List the prime factors of 18806.
2, 9403
What are the prime factors of 79499?
7, 41, 277
What are the prime factors of 893?
19, 47
List the prime factors of 5500.
2, 5, 11
What are the prime factors of 7694?
2, 3847
What are the prime factors of 22713?
3, 67, 113
List the prime factors of 2319.
3, 773
List the prime factors of 911.
911
What are the prime factors of 19271?
7, 2753
List the prime factors of 157.
157
What are the prime factors of 70171?
47, 1493
List the prime factors of 17211.
3, 5737
What are the prime factors of 692?
2, 173
List the prime factors of 613.
613
What are the prime factors of 35385?
3, 5, 7, 337
List the prime factors of 30956.
2, 71, 109
What are the prime factors of 866?
2, 433
What are the prime factors of 62?
2, 31
What are the prime factors of 308?
2, 7, 11
What are the prime factors of 5432?
2, 7, 97
List the prime factors of 42012.
2, 3, 389
List the prime factors of 9629.
9629
What are the prime factors of 11002?
2, 5501
What are the prime factors of 1898?
2, 13, 73
What are the prime factors of 15990?
2, 3, 5, 13, 41
List the prime factors of 1139.
17, 67
What are the prime factors of 6258?
2, 3, 7, 149
What are the prime factors of 84023?
73, 1151
What are the prime factors of 8417?
19, 443
What are the prime factors of 5454?
2, 3, 101
What are the prime factors of 42722?
2, 41, 521
What are the prime factors of 7535?
5, 11, 137
List the prime factors of 850.
2, 5, 17
What are the prime factors of 8518?
2, 4259
List the prime factors of 1774.
2, 887
What are the prime factors of 74304?
2, 3, 43
What are the prime factors of 21?
3, 7
List the prime factors of 2806.
2, 23, 61
List the prime factors of 17908.
2, 11, 37
What are the prime factors of 73988?
2, 53, 349
What are the prime factors of 11097?
3, 137
List the prime factors of 4095.
3, 5, 7, 13
List the prime factors of 1197.
3, 7, 19
List the prime factors of 876.
2, 3, 73
What are the prime factors of 284?
2, 71
What are the prime factors of 2294?
2, 31, 37
List the prime factors of 12267.
3, 29, 47
What are the prime factors of 15310?
2, 5, 1531
What are the prime factors of 2682?
2, 3, 149
List the prime factors of 2325.
3, 5, 31
List the prime fact